t of g?
6
Let c(z) = -15*z + 11. Let t(b) = 44*b - 32. Suppose -s = s - 34. Let x(f) = s*c(f) + 6*t(f). What is the units digit of x(5)?
0
Suppose -5*i + 22 = -28. Suppose 3*c + 1 - i = 0. Suppose c*u = -6, 4*s + u + 4 = 6. What is the units digit of s?
1
Let i = 14 + -6. Let y(g) = -4*g + 1. Let b be y(i). Let q = b - -66. What is the units digit of q?
5
Let r be 118 - 20/5 - 3. Suppose -y = -4*y + r. What is the tens digit of y?
3
Suppose -5*n + 1794 = x, -x + 1444 + 344 = 3*n. What is the thousands digit of x?
1
Suppose 0 = 2*l - 2*d - 538, 2*l - l + 3*d = 253. Suppose -i + l - 84 = 2*v, 553 = 3*i + v. What is the units digit of i?
5
Let l(z) = z**2 - 6*z - 4. Let b be l(5). Let j = b + 14. Let q = j - 1. What is the units digit of q?
4
Let g(u) = 8*u - 9. Let v(p) = -9*p + 9. Let d(h) = -7*g(h) - 6*v(h). Let m be (-8*1)/((-1)/(-1)). What is the tens digit of d(m)?
2
Let d(z) = -z - 4. Let i be d(-7). Suppose 3*l + 2 = -x, 3 + 5 = 5*x - i*l. What is the units digit of x?
1
Suppose -3*s - 58 = -13. Let k be 2/5 - 39/s. Suppose -k*z + 21 = -153. What is the tens digit of z?
5
Suppose -5*i - 23 = 2*g, 5*i = -15 - 0. What is the tens digit of (1275/34)/(0 + (-2)/g)?
7
Suppose -3*n + 4 = 4*v + n, -3*n = 6. Suppose -v*q = -4 - 5. Let t(o) = 11*o - 7. What is the units digit of t(q)?
6
Suppose 48*l = -26*l + 408628. What is the hundreds digit of l?
5
Let q(h) = 14*h + 24. Let v be q(-2). What is the tens digit of 212 - (21/(-14))/((-3)/v)?
1
Let p(v) = -3*v - 15*v**2 + 16*v**2 + 0*v + 3. Let f be p(4). Let n(b) = b**2 - 4*b + 10. What is the units digit of n(f)?
1
Suppose 2*p - 10*p + 2848 = 0. Suppose 72 + p = 4*m. What is the hundreds digit of m?
1
Let w = -272 + 606. Let a = w + -222. Suppose 3*c - 20 = a. What is the units digit of c?
4
Let u(m) = m**2 - 11*m - 8. Let r(o) = -2*o - 10. Let f(k) = -1. Let j(y) = -18*f(y) + 2*r(y). Let w be j(-4). What is the units digit of u(w)?
4
Suppose -2*f - 3*f + 1770 = 0. Suppose -5*a - 5*x - 94 = -f, 0 = 3*x - 3. What is the tens digit of a?
5
Let q(s) = 4*s**2 - 15*s - 11. Let u(t) = 3*t**2 - 54*t + 7. Let r be u(18). What is the tens digit of q(r)?
8
Let k(y) = 62*y**2 + y - 3. Let d be k(-3). Suppose -c + 2*u + d = 3*c, -3*u - 128 = -c. What is the units digit of c?
0
Suppose -5*q = -5*r + 275, -8*r + 5*r = 2*q - 145. What is the tens digit of r?
5
Suppose y + 0 = 3*w - 1, 2*w - 8 = -3*y. Let g be y + 3/(-1) - 0. What is the units digit of (-1351)/(-21) - g/(-3)?
4
Let z be 2/(-4)*(-888)/6. Let q = 112 - z. What is the tens digit of q?
3
Let j(q) be the first derivative of 8*q**3/3 - q**2 + 6*q - 18. What is the tens digit of j(-3)?
8
Suppose 3*c = -10*g + 12*g - 1810, -4*g + 3620 = -c. What is the tens digit of g?
0
Let h be -1 - (-5)/((-5)/(-53)). Suppose y - 4*p = -2*y + 302, -2*y + 3*p + 201 = 0. Let x = y - h. What is the units digit of x?
0
Suppose 4*m - 2*d - 2*d - 5168 = 0, 0 = 3*m + 3*d - 3882. What is the hundreds digit of m?
2
Let k be 3665/25 - 6/10. Suppose x = -3*x + 2*i + k, 4*i = 5*x - 187. Let u = -30 + x. What is the units digit of u?
5
Let k(x) = 13*x**2 - x + 2. Let c(p) = -p**2 - 7*p - 8. Let m be c(-6). What is the units digit of k(m)?
6
Let m = 1340 - 651. What is the tens digit of m?
8
Suppose 4*i - c - 14119 = 0, -c - 6008 - 4581 = -3*i. What is the tens digit of i?
3
What is the hundreds digit of 4/(-54) - (-98861)/189?
5
What is the tens digit of (-20)/(-4)*-1 + 504?
9
Let g = -392 - -1663. What is the tens digit of g?
7
What is the thousands digit of (-11125)/(-10) - 1*3/(-6)?
1
Suppose 5*z - 7*z - 20 = 0. What is the tens digit of z/(-5)*-10*(-22)/8?
5
Suppose -9*o - 3*o + 60 = 0. Suppose -99 - 351 = -o*l. What is the tens digit of l?
9
What is the tens digit of -4 - (-5 + -2 + -5912)?
1
Suppose 4*f + 53*p - 58*p - 8839 = 0, 3 = -p. What is the tens digit of f?
0
Suppose -6042 = -4*f - 5*z, 3*z + 1037 = 2*f - 1995. What is the tens digit of f?
1
Suppose -a + 5*g = -3588, 25*g - 29*g = -5*a + 17982. What is the tens digit of a?
9
Let n be (-4)/(-8)*1*44. Let f = 40 - n. What is the tens digit of f?
1
Suppose p + 2*p = -6. Let v = p + 5. Suppose u = -v*u + 92. What is the tens digit of u?
2
Let f be (-25)/(-10) - 1/(-2). Suppose 2*j - 3*j + f = 0. Suppose -4*d + 4*c + 91 + 109 = 0, -56 = -d + j*c. What is the tens digit of d?
4
Let w(x) = x**2 + 8*x + 11. Let f be w(-7). Suppose -f*h - 1 = -9. What is the units digit of -4 + (24 - -4)/h?
0
Let v = 2921 + -2004. What is the hundreds digit of v?
9
Suppose 2*l - 5249 = -5*p - 1670, 4*l - 5*p = 7113. What is the thousands digit of l?
1
Let z(w) = w**3 - 4*w**2 + 2*w - 1. Let h be z(3). Let p be (-17)/(1/(-2 - -4)). What is the units digit of 2/h*(p - -2)?
6
Suppose 65 = 2*r - 653. What is the hundreds digit of r?
3
Let u = -8 + -2. Let c = 34 + u. Suppose 6*j - c = 3*j. What is the units digit of j?
8
Let h(f) = 4*f**3 + 3*f**2 - 5*f. Let o be h(2). Let p = o + -26. What is the units digit of p?
8
Let c(g) = -g**3 - 3*g**2 + 5*g + 3. Let z be c(-4). Let q(s) = -3*s + 1. What is the units digit of q(z)?
4
Suppose -3*i + 3*u - 69 + 18 = 0, -5*i = -4*u + 81. Let q = i - -16. Suppose -q*c + 8 = -79. What is the tens digit of c?
2
Suppose 5*q - 125 = 4*d, 0 = -3*d + 4*d + 2*q + 15. Let x = d + 22. What is the units digit of (-1)/x + 55/15?
4
Suppose -3*s + 23 = 5. Let g = s + 5. What is the units digit of g?
1
Let i(q) = -3*q**3 - 5*q**2 - 6*q + 18. Let c be i(-6). Suppose -7*w + 367 = -c. What is the units digit of w?
7
Let h be 10/((-3)/(-9) + 0). Let p be 6/10 + (-14)/(-10). What is the units digit of p + (h - (-2)/(-1))?
0
Let y(r) = 9*r - 3. Let d(o) = 6*o + 1. Let i be d(-1). Let v be y(i). Let c = -18 - v. What is the units digit of c?
0
Let b(a) = a**3 - 17*a**2 - 19*a + 20. Let m be b(18). Suppose -3*h - 2*p - 250 = -7*h, 0 = -m*h - 3*p + 113. What is the units digit of h?
1
Let t(s) = -s**3 - 2*s**2 - 4*s - 2. Let j be t(-2). Let g = j + -4. Suppose -2*w - g*y = -34, 2*w - 5*y - 2 - 60 = 0. What is the tens digit of w?
2
Let z be 35/6 + 2/12. Let r = z + 64. What is the tens digit of r?
7
Let w = 66 - 62. Suppose -19 = -r - u + 27, -2*r + 104 = -w*u. What is the units digit of r?
8
Let j(n) = -n**3 + 7*n**2 + 7. Let m be j(7). Suppose -4*p - 13 = m, -4*i - p + 311 = 0. What is the tens digit of i?
7
Let y(a) = 199*a**3 - 2*a**2 + a. Let z be y(1). Suppose 0*h + 180 = 3*h - 3*p, -3*h = 3*p - z. What is the tens digit of h?
6
Let g = -32 + 53. Suppose 2*l = r + 3*r - 6, -2*r + g = 5*l. Suppose -5*c - 5*j + 80 = 0, -2*j - l = 5. What is the units digit of c?
0
Let b = -99 - -113. Let m(t) = -t - 2. Let y be m(-6). Let x = b + y. What is the units digit of x?
8
Let n(p) = -p**3 - 5*p**2 - 4*p + 4. Let c be n(-4). Suppose -c*l - 16 = 3*x, 3*l + 20 = 4*x + 8. What is the tens digit of (-153)/l - (-5)/(-20)?
3
Let q(j) = -4*j + j**2 + 2*j - 2*j - 4. Suppose -u = 5*t - 39, 4*t + 22 = 6*t + 2*u. What is the tens digit of q(t)?
1
Let v = 9 + 9. Suppose 3*k - 12 = v. What is the units digit of ((-135)/(-30))/(1/k)?
5
Let y(i) = -2*i + 36. Let l be y(20). What is the tens digit of l/(-2)*(17 + 0)?
3
Suppose 6*b - 2*b + 5*m = 3761, -3*m = -2*b + 1897. Suppose -3*p = -8*p + 2*t + b, 0 = 4*p - 5*t - 745. What is the units digit of p?
0
Let l = -138 - -198. Suppose 0 = s + 3*s + 3*q - 69, 5*q = 5*s - l. What is the units digit of s?
5
Let s(j) = -j. Let a(p) = -57*p. Let t(q) = -a(q) - 6*s(q). What is the units digit of t(1)?
3
Suppose 6 = -6*c + 3*c, 4*x + c - 2250 = 0. What is the units digit of x?
3
Suppose -2*r = -5*m - 6178, -r + m + 2887 = -196. What is the units digit of r?
9
Let j(n) = -22*n. Let d(i) = -21*i. Let w(o) = 7*d(o) - 6*j(o). What is the units digit of w(-7)?
5
Let f = 31 - 26. Let z be ((-12)/(-10))/(f/25). What is the units digit of z/(-7)*(1 + -8)?
6
Let j = 15 - 10. Suppose j*l + 160 = 2*h, -5*h + 4*l = -3*h - 160. Suppose 25 + h = 5*d. What is the tens digit of d?
2
Suppose 132*f - 101*f - 60512 = 0. What is the units digit of f?
2
Let j(b) = b**3 - 20*b**2 - 14*b - 20. Let c be j(21). Let u = -34 + c. What is the tens digit of u?
9
Suppose -3*d = -2*d - 2*i - 111, 4*i = 20. What is the hundreds digit of d?
1
Suppose -5*p = 3*x - 3483, 0 = -5*x - 2*p - 3*p + 5805. What is the hundreds digit of x?
1
Suppose 157